{"id":12,"date":"2023-01-16T12:54:34","date_gmt":"2023-01-16T12:54:34","guid":{"rendered":"https:\/\/www.tola.biz.pl\/?page_id=12"},"modified":"2023-01-16T12:54:34","modified_gmt":"2023-01-16T12:54:34","slug":"o-nas","status":"publish","type":"page","link":"https:\/\/www.tola.biz.pl\/index.php\/o-nas\/","title":{"rendered":"O NAS"},"content":{"rendered":"\n<p>Kilka s\u0142\u00f3w o naszej firmie: rozpocz\u0119li\u015bmy dzia\u0142alno\u015b\u0107 w 1994 roku<br>i od tego czasu funkcjonujemy z sukcesami na rynku.<br>Specjalizujemy si\u0119 w bran\u017cy spo\u017cywczej. Nasi stali Klienci ceni\u0105<br>w szczeg\u00f3lno\u015bci solidno\u015b\u0107, terminowo\u015b\u0107 i profesjonalizm.<br>Prowadzimy firm\u0119 w Ko\u015bmidrach na ulicy Szkolnej 9.<\/p>\n\n\n\n<p>Oferujemy:<\/p>\n\n\n\n<ul>\n<li>lody<\/li>\n\n\n\n<li>warzywa<\/li>\n\n\n\n<li>owoce<\/li>\n\n\n\n<li>dania gotowe<\/li>\n\n\n\n<li>p\u00f3\u0142produkty garma\u017ceryjne<\/li>\n\n\n\n<li>dr\u00f3b<\/li>\n\n\n\n<li>konserwy<\/li>\n\n\n\n<li>ryby, przetwory rybne<\/li>\n\n\n\n<li>ryby mro\u017cone<\/li>\n\n\n\n<li>makarony<\/li>\n<\/ul>\n","protected":false},"excerpt":{"rendered":"<p>Kilka s\u0142\u00f3w o naszej firmie: rozpocz\u0119li\u015bmy dzia\u0142alno\u015b\u0107 w 1994 rokui od tego czasu funkcjonujemy z sukcesami na rynku.Specjalizujemy si\u0119 w bran\u017cy spo\u017cywczej. Nasi stali Klienci ceni\u0105w szczeg\u00f3lno\u015bci solidno\u015b\u0107, terminowo\u015b\u0107 i profesjonalizm.Prowadzimy firm\u0119 w Ko\u015bmidrach na ulicy Szkolnej 9. Oferujemy:<\/p>\n","protected":false},"author":1,"featured_media":0,"parent":0,"menu_order":0,"comment_status":"closed","ping_status":"closed","template":"","meta":{"footnotes":""},"_links":{"self":[{"href":"https:\/\/www.tola.biz.pl\/index.php\/wp-json\/wp\/v2\/pages\/12"}],"collection":[{"href":"https:\/\/www.tola.biz.pl\/index.php\/wp-json\/wp\/v2\/pages"}],"about":[{"href":"https:\/\/www.tola.biz.pl\/index.php\/wp-json\/wp\/v2\/types\/page"}],"author":[{"embeddable":true,"href":"https:\/\/www.tola.biz.pl\/index.php\/wp-json\/wp\/v2\/users\/1"}],"replies":[{"embeddable":true,"href":"https:\/\/www.tola.biz.pl\/index.php\/wp-json\/wp\/v2\/comments?post=12"}],"version-history":[{"count":1,"href":"https:\/\/www.tola.biz.pl\/index.php\/wp-json\/wp\/v2\/pages\/12\/revisions"}],"predecessor-version":[{"id":13,"href":"https:\/\/www.tola.biz.pl\/index.php\/wp-json\/wp\/v2\/pages\/12\/revisions\/13"}],"wp:attachment":[{"href":"https:\/\/www.tola.biz.pl\/index.php\/wp-json\/wp\/v2\/media?parent=12"}],"curies":[{"name":"wp","href":"https:\/\/api.w.org\/{rel}","templated":true}]}}