{"id":14,"date":"2023-01-16T12:54:52","date_gmt":"2023-01-16T12:54:52","guid":{"rendered":"https:\/\/www.tola.biz.pl\/?page_id=14"},"modified":"2023-01-16T12:54:52","modified_gmt":"2023-01-16T12:54:52","slug":"witamy-na-naszej-nowej-stronie","status":"publish","type":"page","link":"https:\/\/www.tola.biz.pl\/","title":{"rendered":"WITAMY NA NASZEJ NOWEJ STRONIE!!!"},"content":{"rendered":"\n<p><em><strong>Dzi\u0119kujemy za odwiedzenie naszej nowej strony.<br>Jako nowoczesna firma, chcemy da\u0107 Pa\u0144stwu mo\u017cliwo\u015b\u0107 pozostania w kontakcie z nami i z nasz\u0105 ofert\u0105.<br>Nowy system zarz\u0105dzania tre\u015bci\u0105 pozwoli na regularne aktualizacje naszego serwisu.<\/strong><\/em><\/p>\n\n\n\n<p><em><strong>W chwili obecnej strona jest ci\u0105gle rozbudowywana.<br>Dok\u0142adamy wszelkich stara\u0144, aby ju\u017c wkr\u00f3tce zaprezentowa\u0107 Pa\u0144stwu pe\u0142en zakres naszej oferty.<\/strong><\/em><\/p>\n\n\n\n<p><em><strong>W mi\u0119dzyczasie pozostajemy do Pa\u0144stwa dyspozycji pod numerem telefonu: 34 353 40 56 lub 695 376 442.<br>Oczekujemy na kontakt z Pa\u0144stwa strony.<br>Zapraszamy r\u00f3wnie\u017c do kontaktu mailowego pod adresem:&nbsp;tola@tola.biz.pl.<\/strong><\/em><\/p>\n\n\n\n<p><em><strong>Je\u015bli nie znacie Pa\u0144stwo naszej firmy i nawi\u0105zujecie z nami pierwszy kontakt online,<\/strong><\/em>&nbsp;<em><strong>b\u0119dzie nam bardzo mi\u0142o!<\/strong><\/em><br><em><strong>B\u0119dziemy wdzi\u0119czni za uwagi i pytania,<br>na kt\u00f3re odpowiemy jak najszybciej.<\/strong><\/em><\/p>\n","protected":false},"excerpt":{"rendered":"<p>Dzi\u0119kujemy za odwiedzenie naszej nowej strony.Jako nowoczesna firma, chcemy da\u0107 Pa\u0144stwu mo\u017cliwo\u015b\u0107 pozostania w kontakcie z nami i z nasz\u0105 ofert\u0105.Nowy system zarz\u0105dzania tre\u015bci\u0105 pozwoli na regularne aktualizacje naszego serwisu. W chwili obecnej strona jest ci\u0105gle rozbudowywana.Dok\u0142adamy wszelkich stara\u0144, aby ju\u017c wkr\u00f3tce zaprezentowa\u0107 Pa\u0144stwu pe\u0142en zakres naszej oferty. W mi\u0119dzyczasie pozostajemy do Pa\u0144stwa dyspozycji pod [&hellip;]<\/p>\n","protected":false},"author":1,"featured_media":0,"parent":0,"menu_order":0,"comment_status":"closed","ping_status":"closed","template":"","meta":{"footnotes":""},"_links":{"self":[{"href":"https:\/\/www.tola.biz.pl\/index.php\/wp-json\/wp\/v2\/pages\/14"}],"collection":[{"href":"https:\/\/www.tola.biz.pl\/index.php\/wp-json\/wp\/v2\/pages"}],"about":[{"href":"https:\/\/www.tola.biz.pl\/index.php\/wp-json\/wp\/v2\/types\/page"}],"author":[{"embeddable":true,"href":"https:\/\/www.tola.biz.pl\/index.php\/wp-json\/wp\/v2\/users\/1"}],"replies":[{"embeddable":true,"href":"https:\/\/www.tola.biz.pl\/index.php\/wp-json\/wp\/v2\/comments?post=14"}],"version-history":[{"count":1,"href":"https:\/\/www.tola.biz.pl\/index.php\/wp-json\/wp\/v2\/pages\/14\/revisions"}],"predecessor-version":[{"id":15,"href":"https:\/\/www.tola.biz.pl\/index.php\/wp-json\/wp\/v2\/pages\/14\/revisions\/15"}],"wp:attachment":[{"href":"https:\/\/www.tola.biz.pl\/index.php\/wp-json\/wp\/v2\/media?parent=14"}],"curies":[{"name":"wp","href":"https:\/\/api.w.org\/{rel}","templated":true}]}}